{"id":1267,"date":"2020-08-20T12:15:09","date_gmt":"2020-08-20T10:15:09","guid":{"rendered":"http:\/\/typologieanalytique.com\/?page_id=1267"},"modified":"2022-06-22T12:27:01","modified_gmt":"2022-06-22T10:27:01","slug":"le-codage-des-types-en-ta","status":"publish","type":"page","link":"https:\/\/typologieanalytique.com\/index.php\/le-codage-des-types-en-ta\/","title":{"rendered":"Le codage des types en typologie analytique"},"content":{"rendered":"\n<h2 class=\"has-text-align-center has-light-green-cyan-color has-text-color has-large-font-size wp-block-heading\" id=\"lexique-haut\">Le codage des types en typologie analytique<\/h2>\n\n\n\n<div style=\"height:15px\" aria-hidden=\"true\" class=\"wp-block-spacer\"><\/div>\n\n\n\n<p class=\"has-normal-font-size\">En typologie analytique, le codage typologique a \u00e9t\u00e9 simplifi\u00e9 afin que les fonctions cognitives soient directement accessibles. <br><br>Le codage TA (ou codage analytique) comporte trois lettres :<\/p>\n\n\n\n<ul><li>la premi\u00e8re lettre correspond \u00e0 l&rsquo;attitude de la fonction dominante<\/li><li>la deuxi\u00e8me lettre \u00e0 la fonction dominante <\/li><li>et la troisi\u00e8me lettre \u00e0 la fonction auxiliaire<\/li><\/ul>\n\n\n\n<div style=\"height:20px\" aria-hidden=\"true\" class=\"wp-block-spacer\"><\/div>\n\n\n\n<p class=\"has-normal-font-size\">Exactement comme dans le codage MBTI\u00ae, tous les codages TA commen\u00e7ant par E d\u00e9signent les types extravertis, et tous ceux commen\u00e7ant par I d\u00e9signent les types introvertis.<\/p>\n\n\n\n<div class=\"wp-block-columns is-layout-flex wp-container-4 wp-block-columns-is-layout-flex\">\n<div class=\"wp-block-column is-layout-flow wp-block-column-is-layout-flow\" style=\"flex-basis:25%\"><\/div>\n\n\n\n<div class=\"wp-block-column is-layout-flow wp-block-column-is-layout-flow\" style=\"flex-basis:50%\">\n<figure class=\"wp-block-image aligncenter size-large is-resized is-style-default\"><img decoding=\"async\" loading=\"lazy\" src=\"https:\/\/typologieanalytique.com\/wp-content\/uploads\/2020\/05\/Codage-TA-02-01-01-01-1-1024x567.png\" alt=\"\" class=\"wp-image-544\" width=\"512\" height=\"284\" srcset=\"https:\/\/typologieanalytique.com\/wp-content\/uploads\/2020\/05\/Codage-TA-02-01-01-01-1-1024x567.png 1024w, https:\/\/typologieanalytique.com\/wp-content\/uploads\/2020\/05\/Codage-TA-02-01-01-01-1-600x332.png 600w, https:\/\/typologieanalytique.com\/wp-content\/uploads\/2020\/05\/Codage-TA-02-01-01-01-1-300x166.png 300w, https:\/\/typologieanalytique.com\/wp-content\/uploads\/2020\/05\/Codage-TA-02-01-01-01-1-768x425.png 768w, https:\/\/typologieanalytique.com\/wp-content\/uploads\/2020\/05\/Codage-TA-02-01-01-01-1.png 1250w\" sizes=\"(max-width: 512px) 100vw, 512px\" \/><\/figure>\n<\/div>\n\n\n\n<div class=\"wp-block-column is-layout-flow wp-block-column-is-layout-flow\" style=\"flex-basis:25%\"><\/div>\n<\/div>\n\n\n\n<p class=\"has-very-light-gray-background-color has-background\"><em>Exemple<\/em> : Le type INF signifie que la fonction dominante N est Introvertie, donc Ni, et que la fonction auxiliaire est F.<br><br>Comme la fonction auxiliaire d&rsquo;une fonction dominante introvertie est syst\u00e9matiquement extravertie, il s&rsquo;agit de Fe.<br><br>Nous sommes donc en pr\u00e9sence du type NiFe(TiSe), c&rsquo;est \u00e0 dire du type INFJ en codage MBTI\u00ae.<\/p>\n\n\n\n<div class=\"wp-block-columns is-layout-flex wp-container-8 wp-block-columns-is-layout-flex\">\n<div class=\"wp-block-column is-layout-flow wp-block-column-is-layout-flow\" style=\"flex-basis:25%\"><\/div>\n\n\n\n<div class=\"wp-block-column is-layout-flow wp-block-column-is-layout-flow\" style=\"flex-basis:50%\">\n<figure class=\"wp-block-image aligncenter size-large is-resized is-style-default\"><img decoding=\"async\" loading=\"lazy\" src=\"https:\/\/typologieanalytique.com\/wp-content\/uploads\/2020\/05\/Codage-TA-01-01-01-1024x567.png\" alt=\"\" class=\"wp-image-539\" width=\"512\" height=\"284\" srcset=\"https:\/\/typologieanalytique.com\/wp-content\/uploads\/2020\/05\/Codage-TA-01-01-01-1024x567.png 1024w, https:\/\/typologieanalytique.com\/wp-content\/uploads\/2020\/05\/Codage-TA-01-01-01-600x332.png 600w, https:\/\/typologieanalytique.com\/wp-content\/uploads\/2020\/05\/Codage-TA-01-01-01-300x166.png 300w, https:\/\/typologieanalytique.com\/wp-content\/uploads\/2020\/05\/Codage-TA-01-01-01-768x425.png 768w, https:\/\/typologieanalytique.com\/wp-content\/uploads\/2020\/05\/Codage-TA-01-01-01.png 1250w\" sizes=\"(max-width: 512px) 100vw, 512px\" \/><\/figure>\n<\/div>\n\n\n\n<div class=\"wp-block-column is-layout-flow wp-block-column-is-layout-flow\" style=\"flex-basis:25%\"><\/div>\n<\/div>\n\n\n\n<p class=\"has-very-light-gray-background-color has-background\"><em>Exemple<\/em> : Le type EST signifie que la fonction dominante S est Extravertie, donc Se, et que la fonction auxiliaire est T.<br><br>Comme la fonction auxiliaire d&rsquo;une fonction dominante extravertie est syst\u00e9matiquement introvertie, il s&rsquo;agit de Ti.<br><br>Nous sommes donc en pr\u00e9sence du type SeTi(FeNi), c&rsquo;est \u00e0 dire du type ESTP en codage MBTI\u00ae.<\/p>\n","protected":false},"excerpt":{"rendered":"<p>Le codage des types en typologie analytique En typologie analytique, le codage typologique a \u00e9t\u00e9 simplifi\u00e9 afin que les fonctions cognitives soient directement accessibles. Le codage TA (ou codage analytique) comporte trois lettres : la premi\u00e8re lettre correspond \u00e0 l&rsquo;attitude de la fonction dominante la deuxi\u00e8me lettre \u00e0 la fonction dominante et la troisi\u00e8me lettre &hellip;<\/p>\n<p class=\"read-more\"> <a class=\"\" href=\"https:\/\/typologieanalytique.com\/index.php\/le-codage-des-types-en-ta\/\"> <span class=\"screen-reader-text\">Le codage des types en typologie analytique<\/span> Lire la suite\u00a0\u00bb<\/a><\/p>\n","protected":false},"author":2,"featured_media":0,"parent":0,"menu_order":0,"comment_status":"closed","ping_status":"closed","template":"","meta":{"_uag_custom_page_level_css":"","site-sidebar-layout":"default","site-content-layout":"default","ast-global-header-display":"","ast-main-header-display":"","ast-hfb-above-header-display":"","ast-hfb-below-header-display":"","ast-hfb-mobile-header-display":"","site-post-title":"disabled","ast-breadcrumbs-content":"","ast-featured-img":"","footer-sml-layout":"","theme-transparent-header-meta":"default","adv-header-id-meta":"","stick-header-meta":"","header-above-stick-meta":"","header-main-stick-meta":"","header-below-stick-meta":"","footnotes":""},"acf":[],"featured_image_urls":{"full":"","thumbnail":"","medium":"","medium_large":"","large":"","1536x1536":"","2048x2048":""},"post_excerpt_stackable":"<p>Le codage des types en typologie analytique En typologie analytique, le codage typologique a \u00e9t\u00e9 simplifi\u00e9 afin que les fonctions cognitives soient directement accessibles. Le codage TA (ou codage analytique) comporte trois lettres : la premi\u00e8re lettre correspond \u00e0 l&rsquo;attitude de la fonction dominantela deuxi\u00e8me lettre \u00e0 la fonction dominante et la troisi\u00e8me lettre \u00e0 la fonction auxiliaire Exactement comme dans le codage MBTI\u00ae, tous les codages TA commen\u00e7ant par E d\u00e9signent les types extravertis, et tous ceux commen\u00e7ant par I d\u00e9signent les types introvertis. Exemple : Le type INF signifie que la fonction dominante N est Introvertie, donc Ni,\u2026<\/p>\n","category_list":"","author_info":{"name":"agagnier","url":"https:\/\/typologieanalytique.com\/index.php\/author\/agagnier\/"},"comments_num":"0 commentaire","uagb_featured_image_src":{"full":false,"thumbnail":false,"medium":false,"medium_large":false,"large":false,"1536x1536":false,"2048x2048":false},"uagb_author_info":{"display_name":"agagnier","author_link":"https:\/\/typologieanalytique.com\/index.php\/author\/agagnier\/"},"uagb_comment_info":0,"uagb_excerpt":"Le codage des types en typologie analytique En typologie analytique, le codage typologique a \u00e9t\u00e9 simplifi\u00e9 afin que les fonctions cognitives soient directement accessibles. Le codage TA (ou codage analytique) comporte trois lettres : la premi\u00e8re lettre correspond \u00e0 l&rsquo;attitude de la fonction dominante la deuxi\u00e8me lettre \u00e0 la fonction dominante et la troisi\u00e8me lettre\u2026","_links":{"self":[{"href":"https:\/\/typologieanalytique.com\/index.php\/wp-json\/wp\/v2\/pages\/1267"}],"collection":[{"href":"https:\/\/typologieanalytique.com\/index.php\/wp-json\/wp\/v2\/pages"}],"about":[{"href":"https:\/\/typologieanalytique.com\/index.php\/wp-json\/wp\/v2\/types\/page"}],"author":[{"embeddable":true,"href":"https:\/\/typologieanalytique.com\/index.php\/wp-json\/wp\/v2\/users\/2"}],"replies":[{"embeddable":true,"href":"https:\/\/typologieanalytique.com\/index.php\/wp-json\/wp\/v2\/comments?post=1267"}],"version-history":[{"count":17,"href":"https:\/\/typologieanalytique.com\/index.php\/wp-json\/wp\/v2\/pages\/1267\/revisions"}],"predecessor-version":[{"id":6231,"href":"https:\/\/typologieanalytique.com\/index.php\/wp-json\/wp\/v2\/pages\/1267\/revisions\/6231"}],"wp:attachment":[{"href":"https:\/\/typologieanalytique.com\/index.php\/wp-json\/wp\/v2\/media?parent=1267"}],"curies":[{"name":"wp","href":"https:\/\/api.w.org\/{rel}","templated":true}]}}